.
312
Calculate the remainder when 3943 is divided by 90.
73
What is the remainder when 3376 is divided by 395?
216
What is the remainder when 5309 is divided by 34?
5
What is the remainder when 93895 is divided by 4471?
4
Calculate the remainder when 3667 is divided by 7.
6
Calculate the remainder when 14933 is divided by 71.
23
What is the remainder when 326489 is divided by 737?
735
What is the remainder when 12830 is divided by 3?
2
What is the remainder when 13532 is divided by 91?
64
What is the remainder when 22688 is divided by 730?
58
Calculate the remainder when 425129 is divided by 106280.
9
What is the remainder when 186990 is divided by 149?
144
Calculate the remainder when 50054 is divided by 2381.
53
What is the remainder when 153995 is divided by 200?
195
Calculate the remainder when 214871 is divided by 64.
23
Calculate the remainder when 4621 is divided by 385.
1
Calculate the remainder when 51594 is divided by 51583.
11
Calculate the remainder when 8399 is divided by 6.
5
What is the remainder when 8719 is divided by 464?
367
What is the remainder when 44148 is divided by 22049?
50
What is the remainder when 1200 is divided by 73?
32
What is the remainder when 5354490 is divided by 44?
42
Calculate the remainder when 4869 is divided by 25.
19
Calculate the remainder when 7790 is divided by 898.
606
Calculate the remainder when 88775 is divided by 822.
821
What is the remainder when 165427 is divided by 880?
867
Calculate the remainder when 1959 is divided by 5.
4
What is the remainder when 1576 is divided by 312?
16
What is the remainder when 9697 is divided by 2418?
25
Calculate the remainder when 1914 is divided by 172.
22
Calculate the remainder when 405582 is divided by 239.
238
What is the remainder when 1946559 is divided by 395?
394
What is the remainder when 4771 is divided by 19?
2
What is the remainder when 69300 is divided by 1690?
10
What is the remainder when 7735 is divided by 258?
253
What is the remainder when 955 is divided by 297?
64
Calculate the remainder when 34742 is divided by 249.
131
What is the remainder when 781 is divided by 244?
49
Calculate the remainder when 4498 is divided by 4488.
10
Calculate the remainder when 6901 is divided by 2293.
22
Calculate the remainder when 19194 is divided by 243.
240
What is the remainder when 2010 is divided by 169?
151
What is the remainder when 377 is divided by 15?
2
What is the remainder when 3311 is divided by 128?
111
Calculate the remainder when 12792 is divided by 33.
21
What is the remainder when 57821 is divided by 890?
861
Calculate the remainder when 13688 is divided by 1950.
38
Calculate the remainder when 89067 is divided by 108.
75
Calculate the remainder when 21079 is divided by 155.
154
Calculate the remainder when 1444271 is divided by 141.
8
Calculate the remainder when 2480 is divided by 131.
122
Calculate the remainder when 16716 is divided by 304.
300
What is the remainder when 5813 is divided by 153?
152
Calculate the remainder when 9008 is divided by 40.
8
Calculate the remainder when 7992 is divided by 670.
622
Calculate the remainder when 44812 is divided by 477.
451
Calculate the remainder when 595021 is divided by 198331.
28
Calculate the remainder when 5771 is divided by 1906.
53
Calculate the remainder when 14184 is divided by 63.
9
Calculate the remainder when 16063 is divided by 17.
15
Calculate the remainder when 8479 is divided by 1336.
463
What is the remainder when 1053440 is divided by 59?
54
Calculate the remainder when 7589 is divided by 2527.
8
Calculate the remainder when 126487 is divided by 130.
127
What is the remainder when 430 is divided by 219?
211
Calculate the remainder when 3341 is divided by 3330.
11
Calculate the remainder when 10773 is divided by 567.
0
What is the remainder when 476383 is divided by 22?
17
Calculate the remainder when 4900 is divided by 417.
313
Calculate the remainder when 404845 is divided by 2754.
7
Calculate the remainder when 1093567 is divided by 5.
2
What is the remainder when 13511 is divided by 843?
23
What is the remainder when 6651 is divided by 890?
421
What is the remainder when 585 is divided by 211?
163
What is the remainder when 7906 is divided by 185?
136
What is the remainder when 21994 is divided by 1290?
64
What is the remainder when 820 is divided by 10?
0
What is the remainder when 6951 is divided by 176?
87
What is the remainder when 4165 is divided by 259?
21
Calculate the remainder when 6698 is divided by 10.
8
Calculate the remainder when 5589 is divided by 2792.
5
Calculate the remainder when 18914 is divided by 396.
302
Calculate the remainder when 291721 is divided by 87.
10
What is the remainder when 43322 is divided by 522?
518
What is the remainder when 26448 is divided by 8809?
21
What is the remainder when 779282 is divided by 21?
14
What is the remainder when 13577 is divided by 678?
17
What is the remainder when 15694 is divided by 314?
308
Calculate the remainder when 2820 is divided by 31.
30
What is the remainder when 119646 is divided by 4784?
46
What is the remainder when 6200 is divided by 1206?
170
What is the remainder when 4012 is divided by 201?
193
What is the remainder when 43682 is divided by 44?
34
Calculate the remainder when 34169 is divided by 52.
5
Calculate the remainder when 1304 is divided by 32.
24
Calculate the remainder when 51838 is divided by 43.
23
What is the remainder when 64311 is divided by 81?
78
What is the remainder when 28147 is divided by 45?
22
Calculate the remainder when 477369 is divided by 159121.
6
What is the remainder when 165035 is divided by 203?
199
Calculate the remainder when 694 is divided by 324.
46
What is the remainder when 2661 is divided by 871?
48
Calculate the remainder when 127696 is divided by 63.
58
What is the remainder when 2355 is divided by 131?
128
What is the remainder when 12924 is divided by 994?
2
Calculate the remainder when 2021 is divided by 552.
365
What is the remainder when 18904 is divided by 16?
8
Calculate the remainder when 2073862 is divided by 663.
661
What is the remainder when 2856 is divided by 130?
126
Calculate the remainder when 891 is divided by 153.
126
Calculate the remainder when 9579 is divided by 441.
318
What is the remainder when 2991 is divided by 427?
2
Calculate the remainder when 8912 is divided by 207.
11
Calculate the remainder when 17695 is divided by 169.
119
Calculate the remainder when 8298 is divided by 62.
52
What is the remainder when 190394 is divided by 63451?
41
Calculate the remainder when 2324 is divided by 139.
100
What is the remainder when 370280 is divided by 977?
974
Calculate the remainder when 40268 is divided by 2684.
8
What is the remainder when 847 is divided by 122?
115
What is the remainder when 894425 is divided by 80?
25
Calculate the remainder when 22244 is divided by 2221.
34
What is the remainder when 452367 is divided by 2661?
2658
What is the remainder when 1662 is divided by 1562?
100
Calculate the remainder when 16146 is divided by 143.
130
Calculate the remainder when 833952 is divided by 537.
528
What is the remainder when 3209 is divided by 201?
194
Calculate the remainder when 9844 is divided by 70.
44
What is the remainder when 5421 is divided by 260?
221
What is the remainder when 3823 is divided by 1177?
292
What is the remainder when 14777 is divided by 18?
17
Calculate the remainder when 1877 is divided by 629.
619
Calculate the remainder when 2175 is divided by 261.
87
What is the remainder when 19515 is divided by 61?
56
Calculate the remainder when 282954 is divided by 3723.
6
Calculate the remainder when 3558140 is divided by 1808.
1804
What is the remainder when 50771 is divided by 12?
11
What is the remainder when 1182 is divided by 1040?
142
What is the remainder when 99503 is divided by 36?
35
Calculate the remainder when 218104 is divided by 241.
240
What is the remainder when 3908 is divided by 557?
9
What is the remainder when 184 is divided by 85?
14
What is the remainder when 3122 is divided by 44?
42
What is the remainder when 82436 is divided by 25?
11
What is the remainder when 13368 is divided by 29?
28
What is the remainder when 59540 is divided by 223?
222
Calculate the remainder when 23011 is